at is the hundreds digit of c?
2
Let g(r) = -116*r - 7 - 64*r + 11*r. Let a be g(-2). Let m = a + -199. What is the tens digit of m?
3
Let p(l) be the second derivative of -l**4/12 - 7*l**3/6 - 2*l**2 - 10*l. Let q be p(-6). Suppose 222 = q*d + 28. What is the units digit of d?
7
Suppose -2*t - 6*h = -5*h + 3, -h - 2 = 3*t. What is the tens digit of t/(3/843 - 0)?
8
Let g = -4522 + 10307. What is the tens digit of g?
8
Let q(t) = 14*t**2 - 11*t + 11. Suppose 4*b - 2*b = 22. Let o be q(b). What is the tens digit of (-2)/(-10) + o/30?
5
Let m(r) = -2 + 55*r + 5 + 1 - 27. Let l be m(9). Suppose -l = -4*n + z - 6*z, -n = 3*z - 118. What is the units digit of n?
8
Suppose 24*m - 272619 - 168717 = 0. What is the units digit of m?
9
Let m(k) = 2 - 9*k - 35*k**2 - k**3 + 59 - 32*k. What is the hundreds digit of m(-34)?
2
Let a(p) = -6*p**2 - p - 27. Let d(g) = -14*g**2 - g - 53. Let u(l) = 9*a(l) - 4*d(l). What is the units digit of u(11)?
6
Let k(w) = -w**3 - 5*w**2 + 12*w. Suppose -11 = 11*g + 33. Let f be g/3*(8 - 2). What is the units digit of k(f)?
6
Suppose -35393 = -18*n + 29929. What is the hundreds digit of n?
6
Suppose -42*s + 52*s = -4540. What is the tens digit of 2 + 0 + (0 - 4) - s?
5
Let l = -25 + 60. Let h = 5 - l. Let u = 2 - h. What is the tens digit of u?
3
Suppose 0 = 4*h - 2*u + 446, 20*u + 568 = -5*h + 19*u. Let n be (-1 + 8/12)*-519. Let s = n + h. What is the tens digit of s?
6
Let w = -63 - -61. Let f be ((-3)/w)/(36/48). Suppose 2*x - 156 = f*u, -2*x - 2*u + 7*u = -153. What is the units digit of x?
9
Suppose b - 7*b = -42. Suppose -o = -2*h - b, -h + 8 = 4*o - 38. Suppose 10*g = o*g - 186. What is the hundreds digit of g?
1
What is the tens digit of -1581*(-44)/330*(30 + 0)?
2
Let k be 65436/(-48) + (-2)/(-8). What is the tens digit of 12/30 + k/(-5)?
7
Let x(b) = 20*b**2 + 3*b + 1407. What is the tens digit of x(0)?
0
Let h be ((-9)/2)/(-1*(-21)/28). What is the units digit of (2 + (-217)/14)/(h/136)?
6
Suppose 0 = 13*p + 7310 - 91615. What is the tens digit of p?
8
Suppose 13 - 223 = -5*c. Let b = c + -39. What is the units digit of -3 + 62 + -1 + b?
1
Let c(i) = 9*i**2 - 4*i + 7. Let t(w) = 8*w**2 - 4*w + 7. Let u(s) = 5*c(s) - 4*t(s). Let g be u(3). Suppose 8 = -4*m + g. What is the tens digit of m?
2
Let s = 22788 - 7198. What is the thousands digit of s?
5
Let t(c) = 4*c**3 - 29*c**2 + 33*c - 6. What is the hundreds digit of t(13)?
3
What is the ten thousands digit of ((-9)/54)/((-2)/269889) - (-56)/224?
2
Suppose 0 = 3*x + 5*i - 6710, -5*i = 17*x - 16*x - 2220. What is the tens digit of x?
4
Suppose 5092468 = 45*n + 1744648. What is the thousands digit of n?
4
Suppose 492 = 2*z + 112. Suppose 4*k + 5*c = -101 - 69, 4*k = 5*c - z. Let y = 2 - k. What is the units digit of y?
7
Let o(b) = -194*b - 1. Suppose 5*u - 24 + 14 = 0. Suppose -l + 1 = u. What is the hundreds digit of o(l)?
1
Let k be ((-22)/33)/((-2)/(-687)). Let u = 28 - -298. Let f = k + u. What is the tens digit of f?
9
Let t(x) = -x**3 - 8*x**2 + x + 9. Let y be t(-8). What is the hundreds digit of (y + 0)*2/(-6)*-927?
3
Suppose -2 + 11 = 3*y, 2*y - 26 = -4*o. Suppose 0 = -5*d + o*c + 345, -5*d + 3*c + 354 = c. Suppose r - 77 - d = 0. What is the tens digit of r?
4
What is the thousands digit of (921/2)/(1015/406*(-1)/(-305))?
6
Let u = 46 + -4. Let p be ((-180)/u)/(2/(-42)). Suppose -8*m + 10*m = p. What is the units digit of m?
5
Suppose 0 = 8*p + 6*p + 112. What is the units digit of 36/(-5)*20/p*11?
8
Let q = -2042 - -1086. Let p = q + 1784. What is the units digit of p?
8
Suppose -24*z - 23800 + 143464 = 0. What is the tens digit of z?
8
What is the tens digit of 734*430*(-7)/(-35)?
2
Let y be 5 + -6 - (0 + -48). Let b = y - 26. Let h = b + 10. What is the units digit of h?
1
Let i = 52627 - 25504. What is the ten thousands digit of i?
2
Let d be 6795/20 - 1/(-4). Let t be (-16)/(-3)*(-12)/(-16). Suppose t*q - d = 2*k + k, 4*k = -16. What is the tens digit of q?
8
Let d(w) = 97*w**2 + 3*w + 14. Let k(n) = -49*n**2 - n - 7. Let f(s) = 4*d(s) + 7*k(s). What is the units digit of f(-3)?
7
What is the tens digit of -2 + 3336 + (2 + -12 - 820/(-82))?
3
Let h = -24014 - -38327. What is the thousands digit of h?
4
Let o(s) = -2*s + 2. Let r be o(1). Let m(u) = -4*u + 21. Let f be m(r). What is the tens digit of 133/f*36/2?
1
Let u = -3 + -3. Let p(o) = 13*o**3 + 6*o**2 + 8*o + 4. Let i(g) = -2*g**3 - 2*g**2. Let m(n) = -7*i(n) - p(n). What is the tens digit of m(u)?
1
What is the units digit of (-36)/8 + (6 - 5089/(-14))?
5
Let s = 162868 - 106014. What is the units digit of s?
4
Let y(l) = -1189*l**3 + 3*l**2 - 3*l - 5. Let x be y(-1). Let k = x + -670. What is the units digit of k?
0
Let r(u) = 2*u**2 - 23*u - 126. Suppose -11*h + 254 = -76. What is the units digit of r(h)?
4
Suppose 121017 - 73194 = -101*u + 830775. What is the hundreds digit of u?
7
Let n be (2 + (-40)/(-12))*-3. Let s be (-1 - 2) + -5 + n/(-1). What is the tens digit of 3 + -12*(-52)/s?
8
Let v(r) = -2*r**3 - 29*r**2 + 5*r - 60. What is the ten thousands digit of v(-25)?
1
Suppose -2*o - 130 = -5*w + 125, 4*w - 3*o - 197 = 0. Suppose 0 = -2*m, b - 13 = m + 10. Let d = b + w. What is the tens digit of d?
7
Let s = -48 + 166. Suppose -8*c + 9*c = -s. Let q = c - -212. What is the tens digit of q?
9
Suppose 43 = 5*u - 2*j - 36, -4*u = 2*j - 56. Suppose 5*b = u + 10. Suppose 5*x - 4 = x, -b*v + 303 = 3*x. What is the units digit of v?
0
Let h(m) = -m**2 - 4*m + 3. Let q be h(-7). Let d(n) = 5*n - 62. Let k be d(q). Let o = 353 + k. What is the hundreds digit of o?
2
Let v be 0/(5 + -8 - (-1 + 0)). Let k(z) = -3*z - 92. Let y be k(v). Let c = y + 341. What is the tens digit of c?
4
Suppose -k - 352 = -4*v, -k = -0*v + 3*v - 257. Suppose v - 711 = -2*i. What is the tens digit of i?
1
Suppose -5*l - 10*k + 3188 = -14*k, 5*k = 3*l - 1918. What is the hundreds digit of l?
6
Let v = -104 - -104. Suppose 62*t - 55*t - 1715 = v. What is the hundreds digit of t?
2
Suppose -9166 = -l + 2*u, 2*l - 7*l = u - 45808. What is the tens digit of l?
6
Suppose 28 = 5*c - 9*c. Let o(b) = -b**3 - 6*b**2 + 6*b - 7. Let f be o(c). Suppose 2*h - 3*h + 56 = f. What is the tens digit of h?
5
Let q = 43 - -1074. What is the hundreds digit of q?
1
Let c(h) = 21*h**3 - 4*h**2 - 21*h + 38. What is the thousands digit of c(6)?
4
What is the units digit of (14760 + 90)/((-4)/(56/(-3)))?
0
Let l(o) = 94*o - 170. Let y be l(10). Suppose -2*x = -y - 750. What is the hundreds digit of x?
7
Let t(w) = w**2 - 17*w + 325. What is the units digit of t(11)?
9
Let q be (-16)/(-24)*(0 + -96). Let r(j) = 5*j**2 + 3. Let o be r(4). Let p = q + o. What is the tens digit of p?
1
Suppose 2*g = -5*k + 8, 5*g - 20 = -0*k + 2*k. Suppose -2*s = -5*p - k*p - 350, 4*p = -8. What is the units digit of s?
0
Let s be (-14 - 41)*(-53 + -1)/2. Let d = s - 368. What is the units digit of d?
7
Suppose -4*z + 76889 - 677 = -7*p, 4*z = 4*p + 76212. What is the ten thousands digit of z?
1
Let z(k) = -32*k**3 + 3*k**2 - 2*k + 3. Let m be z(-3). Suppose 3*o - 3*l + 2700 = 0, -o + 4*l = l + m. What is the units digit of o/27*(1 - (-46)/(-10))?
0
Suppose -4 = 8*b - 6*b. Let t be (-8)/(-2 + b) + -7 + 2. What is the units digit of (t/(-2))/(30/2720)?
6
Let n(t) = 10*t**2 - 9*t - 429. What is the tens digit of n(25)?
9
Let i(t) = 5*t - 11. Let b be i(3). Suppose 15 = 3*c - 0*c, -b*c + 770 = -5*k. Let j = k + 238. What is the tens digit of j?
8
Let f = 257 - 245. Suppose f*q + 366 = 4002. What is the units digit of q?
3
Let g = 25791 + -23152. What is the units digit of g?
9
Let x(g) = -49*g**3 - 16*g**2 - g + 11. What is the units digit of x(-9)?
5
Let p be (2/(-8))/((-1)/8). Suppose 11*n - p*n = 144. Suppose 2*g - 96 = 4*o, -g - 3*o - n = -69. What is the units digit of g?
0
Suppose 2*m + 0 - 8 = -5*j, 0 = 4*m + 3*j + 12. What is the hundreds digit of m*(-2)/(-4) + (349 - 1)?
3
Suppose 4*n + 11*x - 17 = 12*x, -2*n = -x - 11. Suppose -2186 - 55 = -n*s. What is the tens digit of s?
4
Let c(x) = -6*x**2 - 576*x - 207. What is the ten thousands digit of c(-69)?
1
What is the tens digit of (-20)/170 - 1405845/(-255)?
1
Let a(z) = 88*z**2 - 61*z - 513. What is the thousands digit of a(-7)?
4
Suppose -14*f = -11*f - 8*f. Suppose -16*t + 24*t - 80 = f. Suppose -t